0 and a?
15
Let g be 4/(-18) - (-1800)/81. Let h be (-21 - -2)/(0 - 1). Suppose 4*l = 2*l + u + h, l - 3*u - g = 0. Calculate the highest common divisor of l and 1.
1
Suppose b - u - 25 = 0, 0 = u - 3*u + 4. What is the greatest common divisor of b and 18?
9
Suppose -w + 5*u - 1 = 0, -u - 58 = -2*w - 3*u. Calculate the highest common divisor of w and 16.
8
Let m(u) = -u**2 - 5*u + 3. Let i be m(-3). Calculate the greatest common divisor of 81 and i.
9
Suppose 0 = 12*n - 8*n - 168. What is the greatest common divisor of 6 and n?
6
Let r be 1/4 - (-166)/8. Suppose 4*s - 3*b + b - 10 = 0, -3*b + 3 = 0. Calculate the highest common factor of s and r.
3
Let c be (-8)/1*10/(-8). Suppose 10 = -5*z + 210. What is the greatest common factor of c and z?
10
Let u(i) = 2*i**2 + 10*i + 12. Let s be u(-7). What is the greatest common divisor of 5 and s?
5
Let h = -22 + 23. Calculate the highest common divisor of 1 and h.
1
Suppose -4*z + 3*x + 16 = 0, -z + 3 = -3*x + 8. Let a = z + 17. What is the greatest common factor of a and 3?
3
Let d be (26/(-6))/(2/(-6)). What is the greatest common divisor of 39 and d?
13
Let d be -14*(-2)/8*4. Suppose 0*j - 28 = -4*z + 2*j, -j = 2*z - d. What is the highest common divisor of 49 and z?
7
Let w be (-30)/(-8) - 1 - (-84)/(-112). Suppose -z - 1 + 2 = 0. What is the highest common divisor of w and z?
1
Suppose -5 = 5*y, 4*w - 5*y - 390 = -109. What is the greatest common divisor of 23 and w?
23
Let k = -16 + 22. What is the greatest common factor of k and 6?
6
Suppose 70 - 622 = -6*b. Suppose -3*z - 92 = -7*z. Calculate the greatest common divisor of b and z.
23
Let o(a) = -a - 4. Let c be o(-17). Calculate the greatest common factor of c and 117.
13
Let l(r) = -r**3 - 5*r**2 + 4*r - 1. Suppose -4*x = -5*x + 3. Let t be l(x). Let o = t - -111. Calculate the highest common divisor of 20 and o.
10
Let i = -13 + 52. Let z = 65 + i. Let s = -47 - -60. What is the greatest common factor of s and z?
13
Let i be (-44)/(-7) + 2/(-7). Let o be 1 + 1 - (-20 - (5 + -3)). Suppose -i = 2*q - o. Calculate the greatest common factor of 18 and q.
9
Let m(i) = -i**3 + 7*i**2 + 15*i - 11. Let a be m(8). What is the highest common divisor of a and 5?
5
Suppose 3*f = 0, -b = -0*b - 2*f - 11. Suppose h + 3 = b. What is the greatest common divisor of 2 and h?
2
Let i be -3 - 7/3*3. Let f be (-57)/(-2) - (-5)/i. Calculate the greatest common divisor of 84 and f.
28
Suppose -9*v + 6 = -8*v. What is the greatest common factor of 48 and v?
6
Let s = 25 - 23. Suppose 2*u + 2*m - 6 = -0*m, 0 = 3*u + m - 7. Suppose -46 - u = -3*t. Calculate the highest common divisor of s and t.
2
Suppose 2*x - 4*x = -54. Suppose -72 = -z - 3*z. Calculate the greatest common factor of z and x.
9
Let j be ((-44)/(-2))/(-6 - -8). Let o = 88 + -58. Let r = 25 + o. What is the greatest common divisor of r and j?
11
Suppose 10*p - 888 = -108. What is the highest common divisor of p and 52?
26
Suppose 96 = 3*v + v. What is the highest common divisor of 3 and v?
3
Suppose -3*f - 60 = -3*t, -82 = -4*t + 2*f + f. Calculate the greatest common factor of t and 33.
11
Suppose c = -0*c. Let r be c + 1 + (8 - 0). What is the greatest common factor of r and 3?
3
Let h be 0 - (-276)/9 - (-6)/(-9). What is the highest common factor of h and 75?
15
Let v(m) = 6*m - 3. Let u be v(4). What is the highest common divisor of 126 and u?
21
Let y = 27 + -7. What is the greatest common factor of y and 220?
20
Suppose j + 148 = 5*y, 3*y - 61 = -j + 31. What is the highest common divisor of y and 36?
6
Suppose 2*y - 14 = -0*y. Suppose -3*a + 20 = -y. Suppose 0 = -4*u - 0*u + 2*j + 316, -166 = -2*u - j. Calculate the highest common factor of a and u.
9
Let q be 4/(-5)*(0 - 5). Suppose -2*k = -q*a + 48, -2*a + 18 = 2*k - 6. What is the highest common factor of 8 and a?
4
Suppose -m + l - 2*l = -39, 0 = 4*m - 3*l - 135. Calculate the greatest common divisor of m and 216.
36
Suppose 0*n - 36 = -3*n. Suppose 3*g + n = 0, -5*k - 2*g = 3*g - 820. Calculate the highest common divisor of 21 and k.
21
Let w be (-21120)/(-385) + -1*2/(-14). Suppose 7 = -x + 18. Calculate the greatest common divisor of x and w.
11
Let o = 1 - 0. Let d = -3 - -5. Let j = d - o. What is the greatest common divisor of j and 7?
1
Let u = 1 + 8. Suppose 0 = 2*r - l - l - 6, 3*l = u. What is the highest common factor of 4 and r?
2
Let b = 15 + -10. Suppose -4*h - 187 = -b*k, 2*k - 32 - 53 = 5*h. What is the highest common divisor of 14 and k?
7
Let j be (-20)/(-100) + (-288)/(-10). Calculate the greatest common divisor of j and 29.
29
Suppose 2*c + 5*u = u + 124, 0 = -2*c + u + 119. Let y be (-2)/(-16) + (-3438)/(-144). Calculate the greatest common factor of y and c.
12
Suppose 17*x - 20*x = -90. What is the greatest common factor of x and 3?
3
Suppose a + 5 = 3*k + 2*a, -2*k - 6 = -4*a. What is the greatest common factor of k and 2?
1
Let u be 6/1*(-6)/4. Let j = -3 - u. Let i be 304/12 + (-2)/j. Calculate the highest common factor of i and 10.
5
Let o(u) = 3*u**2 + 5*u + 85. Let w(l) = l**2 + l + 1. Let b(t) = o(t) - 4*w(t). Let z be b(0). Calculate the highest common factor of z and 9.
9
Suppose -28 = -5*x + 197. Let j be ((-1)/(-1))/(5/x). Let h = j + 13. Calculate the greatest common divisor of h and 2.
2
Let i(l) = 4*l + 2. Let u be i(4). Suppose 0 = -0*c + 3*c - 48. Suppose -2*r + 89 = 3*j - 4*r, -4*r = c. Calculate the greatest common divisor of u and j.
9
Let h be (-2)/(60/(-582)) - (-3)/5. What is the highest common factor of h and 10?
10
Let n be (-1*(-1)/(-1))/(-1). Suppose 4*l - 32 = 4*t, 2*t - 10 = -l + n. What is the greatest common divisor of 36 and l?
9
Let p be 10 - (1*-4 + 2). Suppose -2*s - 3*j = -457, 8*s + j = 4*s + 889. Let i = -125 + s. What is the highest common divisor of i and p?
12
Let l = -4 + 5. Let h = l + 5. Let m = 6 + -4. Calculate the greatest common factor of m and h.
2
Let f be 2 + -2 - (-2 + 0). Let j(w) = w**3 + 4*w**2 - 22*w - 5. Let u be j(-7). Calculate the greatest common divisor of f and u.
2
Let u(f) = 2*f**2 + 20*f - 10. Let q be u(-11). Calculate the greatest common factor of q and 8.
4
Suppose -5*c + 4*k + 0*k = -97, 2*c - 5*k - 32 = 0. Let l = -13 + c. Suppose 0 = 3*v + 5*v - 64. What is the greatest common divisor of l and v?
8
Suppose 5*i = 23 - 73. Let n(w) = -w**2 + 2*w**2 + 30*w - 20*w + 7. Let b be n(i). Calculate the greatest common factor of b and 7.
7
Let p be 32 + (15/10)/(2/4). What is the greatest common divisor of 21 and p?
7
Let q(m) = -2*m. Let j be q(-12). What is the greatest common divisor of j and 264?
24
Let z(q) be the second derivative of q**4/6 + 5*q**3/6 + 3*q**2/2 - 5*q. Let f be z(-3). Let p = 37 - -17. What is the greatest common divisor of f and p?
6
Let r be (2 + (-32)/6)*-3. Suppose 0 = -6*o + 3*o + 45. Suppose -11*p + o*p - 440 = 0. What is the highest common divisor of p and r?
10
Let x be (-60)/(3 - 9/2*1). Calculate the greatest common factor of x and 16.
8
Let r(v) = v**2 - 2*v + 3. Let i be r(2). Let s = 144 - 56. Suppose -2*c - 5*b = 2*c - 116, 2*b + s = 4*c. Calculate the highest common divisor of i and c.
3
Suppose -4*u - 11 - 2 = k, 5*k - 5*u = 35. Suppose 4*n = 4*s - 4, -k*n + 21 = n + s. Let a be n*1*12/8. Calculate the greatest common factor of 30 and a.
6
Let v(q) = 68*q - 7. Let y be v(5). Let t = y - 171. Calculate the highest common factor of 18 and t.
18
Let o be (-5 - -9)*4/2. Let h = o + 1. What is the greatest common factor of 18 and h?
9
Suppose 4*k = -4*u + 52, -4 = 2*u - 4*k - 12. Suppose 5*t - 25 = 5. Suppose 220 = t*m - 4*m. Calculate the greatest common divisor of m and u.
10
Let g be (1 - 0/3)*5. Suppose -5*m = -2*y - 96, -128 = -g*m + 5*y - 38. Let b be m*(9/5 - 1). Calculate the greatest common divisor of b and 128.
16
Let o be (-2)/(-8) + (-33)/(-12). Suppose -o*u + 3 = -21. What is the greatest common divisor of 24 and u?
8
Let t(a) = -a**2 + 6*a - 6. Suppose 12 = 3*f + f, 5*d = -5*f + 40. Let p be t(d). Let o be ((-1)/2)/(p/26). Calculate the greatest common factor of o and 52.
13
Suppose 0 = -3*k + 4*c - 21, -3*k = -2*k - 2*c + 9. Let r be k/((6/40)/(-1)). What is the highest common divisor of r and 80?
20
Suppose -26 = z - 3*z + 4*o, 4*z = -5*o. Suppose 34 = z*g + 149. Let b = -11 - g. Calculate the highest c